multiple of 396?
False
Is 95 a factor of 145720?
False
Does 153 divide 5456592?
True
Is 17 a factor of 16459380?
False
Is 774360 a multiple of 20?
True
Is 92 a factor of 1493232?
False
Is 24 a factor of 186384?
True
Is 312153 a multiple of 62?
False
Is 30 a factor of 3647130?
True
Does 81 divide 1048918?
False
Is 3861761 a multiple of 499?
True
Does 14 divide 564960?
False
Is 67932 a multiple of 12?
True
Does 175 divide 97125?
True
Is 540342 a multiple of 33?
True
Is 459690 a multiple of 6?
True
Does 7 divide 1240561?
True
Does 12 divide 1050900?
True
Is 106931 a multiple of 9?
False
Is 17 a factor of 1013221?
False
Does 32 divide 3514240?
True
Is 1389555 a multiple of 9?
True
Is 5329680 a multiple of 15?
True
Is 1739948 a multiple of 7?
True
Is 179477 a multiple of 101?
True
Does 32 divide 9835?
False
Is 20 a factor of 65240?
True
Is 22 a factor of 224017?
False
Is 578691 a multiple of 9?
True
Is 172 a factor of 1521168?
True
Is 1246170 a multiple of 6?
True
Is 41049 a multiple of 222?
False
Is 950530 a multiple of 111?
False
Does 114 divide 97812?
True
Does 104 divide 70205?
False
Is 12 a factor of 997128?
True
Does 37 divide 2695080?
True
Does 8 divide 3665147?
False
Is 1688709 a multiple of 33?
True
Is 56 a factor of 39938?
False
Is 3 a factor of 23288?
False
Is 47 a factor of 62604?
True
Does 31 divide 43504?
False
Does 1222 divide 3765822?
False
Is 1015167 a multiple of 193?
False
Does 1168 divide 4264015?
False
Is 677 a factor of 144878?
True
Is 127337 a multiple of 13?
False
Is 293 a factor of 77645?
True
Is 425250 a multiple of 21?
True
Is 50 a factor of 303200?
True
Is 549408 a multiple of 24?
True
Is 290440 a multiple of 212?
True
Is 1118835 a multiple of 47?
True
Does 171 divide 31977?
True
Does 1913 divide 3661482?
True
Is 1829418 a multiple of 282?
False
Is 27449996 a multiple of 1547?
False
Is 17 a factor of 15300?
True
Does 883 divide 4844138?
True
Is 328410 a multiple of 205?
True
Is 82 a factor of 50348?
True
Is 1054 a factor of 908548?
True
Is 155 a factor of 58921?
False
Is 15164337 a multiple of 390?
False
Is 922450 a multiple of 11?
False
Is 20887469 a multiple of 86?
False
Is 6727536 a multiple of 1566?
True
Is 3 a factor of 249312?
True
Does 4 divide 14297?
False
Is 158 a factor of 75524?
True
Is 11486098 a multiple of 1439?
True
Does 10 divide 382840?
True
Is 682250 a multiple of 5?
True
Is 32 a factor of 194691?
False
Is 10 a factor of 1643070?
True
Does 1415 divide 2420972?
False
Is 148 a factor of 1497145?
False
Is 18 a factor of 3959268?
False
Is 5007320 a multiple of 21?
False
Is 255442 a multiple of 22?
True
Is 138253 a multiple of 110?
False
Is 41 a factor of 345606?
False
Is 3220058 a multiple of 214?
True
Does 5 divide 84150?
True
Is 801 a factor of 4019507?
False
Is 1139 a factor of 3501286?
True
Does 17 divide 75352?
False
Is 26 a factor of 562461?
False
Is 103914 a multiple of 251?
True
Is 607910 a multiple of 8?
False
Does 5 divide 11577185?
True
Is 32 a factor of 310294?
False
Is 31740 a multiple of 14?
False
Is 90 a factor of 753281?
False
Is 10475474 a multiple of 745?
False
Does 596 divide 1701998?
False
Is 33876 a multiple of 9?
True
Does 21 divide 152334?
True
Does 16 divide 32964812?
False
Does 196 divide 207708?
False
Is 235352 a multiple of 52?
True
Does 211 divide 195597?
True
Is 998 a factor of 2020840?
False
Is 459 a factor of 2638791?
True
Does 922 divide 3656652?
True
Is 120011 a multiple of 7?
False
Is 706280 a multiple of 10?
True
Does 775 divide 26737101?
False
Does 124 divide 3283741?
False
Is 180400 a multiple of 88?
True
Is 17 a factor of 567453?
False
Does 97 divide 1277243?
False
Is 13328719 a multiple of 23?
False
Is 565704 a multiple of 18?
True
Does 31 divide 73008?
False
Is 23 a factor of 105225?
True
Does 4 divide 3192260?
True
Is 1484967 a multiple of 17?
True
Does 25 divide 330399?
False
Is 13 a factor of 108355?
True
Does 52 divide 1111656?
True
Is 93699 a multiple of 87?
True
Is 858864 a multiple of 464?
True
Is 446 a factor of 1209542?
False
Is 906081 a multiple of 33?
True
Is 1449630 a multiple of 910?
True
Does 273 divide 23430498?
True
Is 4708284 a multiple of 21?
True
Does 2 divide 1988033?
False
Does 8 divide 2497920?
True
Is 17906 a multiple of 20?
False
Does 990 divide 45541?
False
Is 498993 a multiple of 935?
False
Does 19 divide 1746138?
True
Is 292 a factor of 72380?
False
Is 32 a factor of 1574560?
True
Is 21 a factor of 577765?
False
Does 125 divide 2475125?
True
Is 36 a factor of 1003185?
False
Is 5 a factor of 847700?
True
Is 106 a factor of 133261?
False
Does 9 divide 79686?
True
Is 63 a factor of 8424297?
True
Does 3 divide 87229?
False
Is 487 a factor of 512082?
False
Does 8 divide 9080?
True
Is 71730 a multiple of 30?
True
Is 1711569 a multiple of 13?
False
Is 24 a factor of 78649?
False
Is 1519977 a multiple of 36?
False
Is 15 a factor of 31059?
False
Does 19 divide 242255?
False
Is 9 a factor of 7429311?
True
Is 174984 a multiple of 12?
True
Does 68 divide 391914?
False
Is 882616 a multiple of 14?
True
Is 491 a factor of 4925992?
False
Does 6 divide 36134?
False
Is 24 a factor of 5601283?
False
Is 9384732 a multiple of 252?
True
Is 25 a factor of 378100?
True
Is 1598400 a multiple of 320?
True
Is 570 a factor of 1732800?
True
Is 9608846 a multiple of 334?
True
Is 13401096 a multiple of 82?
True
Does 841 divide 727465?
True
Is 1076922 a multiple of 518?
True
Is 289 a factor of 1707412?
True
Does 85 divide 867085?
True
Is 421 a factor of 148192?
True
Is 8631 a multiple of 137?
True
Does 14 divide 15950890?
False
Does 94 divide 36660?
True
Is 8442058 a multiple of 7?
False
Is 10 a factor of 13719130?
True
Does 533 divide 263152?
False
Does 111 divide 1065711?
True
Is 1949668 a multiple of 179?
True
Does 88 divide 1672?
True
Is 21 a factor of 4472012?
False
Does 14 divide 196462?
True
Is 340 a factor of 346120?
True
Is 46 a factor of 33929?
False
Does 34 divide 765330?
False
Is 56981 a multiple of 219?
False
Does 132 divide 435336?
True
Is 2650310 a multiple of 37?
True
Is 54987 a multiple of 4?
False
Is 4992 even?
True
Is 234 a factor of 2573442?
False
Does 12 divide 1123512?
True
Is 20 a factor of 1805575?
False
Does 10 divide 11270?
True
Is 111180 a multiple of 87?
False
Is 12677700 a multiple of 30?
True
Is 627094 a multiple of 26?
True
Is 218587 a multiple of 49?
False
Does 9 divide 68598?
True
Is 2 a factor of 110996?
True
Does 412 divide 186712?
False
Does 13 divide 26667524?
True
Is 40 a factor of 105660?
False
Is 8 a factor of 5435864?
True
Is 2068128 a multiple of 9?
True
Does 1183 divide 2348728?
False
Does 5 divide 1530849?
False
Is 287742 a multiple of 26?
True
Does 58 divide 954718?
False
Is 265245 a multiple of 70?
False
Is 1327 even?
False
Is 1717588 a multiple of 58?
False
Does 687 divide 4692312?
False
Is 833 a factor of 1786764?
False
Does 86 divide 838893?
False
Is 80 a factor of 181477?
False
Does 78 divide 119262?
True
Is 25807210 a multiple of 18?
False
Is 14427900 a multiple of 180?
True
Is 8 a factor of 887757?
False
Does 15 divide 651592?
False
Is 702 a factor of 4914?
True
Does 99 divide 96822?
True
Is 4295 a multiple of 507?
False
Is 61935 a multiple of 152?
False
Does 2 divide 17691?
False
Is 1021600 a multiple of 20?
True
Is 254 a factor of 151638?
True
Is 230 a factor of 55660?
True
Is 223591 a multiple of 110?
False
Does 10 divide 183235?
False
Does 8 divide 90384?
True
Is 2299304 a multiple of 130?
False
Does 44 divide 1383553?
False
Does 6 divide 201096?
True
Does 90 divide 630544?
False
Does 207 divide 917259?
False
Is 10 a factor of 51970?
True
Is 36914 a multiple of 18?
False
Is 32 a factor of 21639?
False
Is 787 a factor of 8075407?
True
Is 2287473 a multiple of 81?
False
Is 1747808 a multiple of 283?
True
Is 40459 a multiple of 41?
False
Is 657 a factor of 2317896?
True
Does 74 divide 1894400?
True
Is 43 a factor of 445405?
False
Does 2 divide 556600?
True
Does 30 divide 22020?
True
Is 283 a factor of 70898?
False
Does 12 divide 234828?
True
Is 1512 a factor of 6527410?
False
Is 578 a factor of 519622?
True
Is 5 a factor of 5466?
False
Does 11 divide 2355189?
False
Is 1118 a factor of 1252160?
True
Does 681 divide 2989590?
True
Is 987875 a multiple of 25?
True
Is 18 a factor of 1748382?
False
Does 4 divide 668206?
F